{"id":34,"date":"2015-09-27T02:02:03","date_gmt":"2015-09-27T00:02:03","guid":{"rendered":"http:\/\/bachl-saege.at\/?page_id=34"},"modified":"2025-03-09T17:41:17","modified_gmt":"2025-03-09T16:41:17","slug":"baeckerei","status":"publish","type":"page","link":"https:\/\/bachl-saege.at\/index.php\/baeckerei\/","title":{"rendered":"B\u00e4ckerei"},"content":{"rendered":"<h1 id=\"Baeckereioben\"><\/h1>\n<h2 style=\"text-align: center;\"><strong>Holzofenbrot nach traditioneller Handwerkskunst<\/strong><\/h2>\n<p style=\"text-align: center;\">Bereits seit 1936 wird in unserem Familienbetrieb Schwarzbrot (Roggenmischbrot) gebacken. Das Mehl daf\u00fcr wird in der familieneigenen M\u00fchle aus heimischem Getreide gemahlen. Der Teig wird noch t\u00e4glich mit Sauerteig (umgangssprachlich auch als \u201e<strong>Url<\/strong>\u201c bezeichnet), welcher bereits am Vortag gemischt werden muss, zubereitet und anschlie\u00dfend im Holzofen gebacken. Dabei wird jeder Teigling einzeln unter zu Hilfenahme einer \u201e<strong>Holzsch\u00fcssel\u201c<\/strong> h\u00e4ndisch in den Ofen <strong>eingeschossen<\/strong>. Wir verstehen das Brotbacken noch als traditionelles Meister-Handwerk, wobei f\u00fcr jeden Laib und jedes Striezel Brot ausreichend Zeit, viel h\u00e4ndische Kraft und Liebe ben\u00f6tigt wird.<\/p>\n<p style=\"text-align: center;\"><a id=\"set-post-thumbnail\" class=\"thickbox\" href=\"http:\/\/bachl-saege.at\/wp-content\/uploads\/2015\/09\/Brot.jpeg\"><img loading=\"lazy\" decoding=\"async\" class=\"attachment-post-thumbnail aligncenter\" src=\"http:\/\/bachl-saege.at\/wp-content\/uploads\/2015\/09\/Brot.jpeg\" alt=\"\" width=\"294\" height=\"221\"><\/a><\/p>\n<p style=\"text-align: center;\">Sowohl 0,5kg, 1kg als auch 2kg Laibe und Strietzel sind bei uns erh\u00e4ltlich.<\/p>\n<p style=\"text-align: center;\">T\u00e4glich (von Montag bis Samstag) backen wir unser Holzofenbrot ohne chemische Zusatzstoffe nach alter Tradition.<\/p>\n<p style=\"text-align: center;\">Unser Brot ist in folgenden Gesch\u00e4ften zu finden: Lagerhaus Waldneukirchen, Nah und Frisch Waldneukirchen, Interspar Steyr, Eurospar Bad Hall, Eurospar Sierning, Spar Gr\u00fcnburg, Lagerhaus Wolfern, ADEG Nussbach, ADEG Garsten, Gsch\u00e4ftl Schiedlberg<\/p>\n<p>Bei <strong>Selbstabholung<\/strong> in unserem Betrieb bitten wir Sie um einen <strong>kurzen Anruf ( <a href=\"tel:+4372584059\">07258 4059<\/a>) am Vortag.<\/strong><\/p>\n<p style=\"text-align: center;\">Mischung des Teiges:<\/p>\n<p style=\"text-align: center;\"><a href=\"http:\/\/bachl-saege.at\/wp-content\/uploads\/2015\/09\/Scan3.jpg\"><img loading=\"lazy\" decoding=\"async\" class=\"alignnone size-medium wp-image-248\" src=\"http:\/\/bachl-saege.at\/wp-content\/uploads\/2015\/09\/Scan3-300x189.jpg\" alt=\"\" width=\"300\" height=\"189\" srcset=\"https:\/\/bachl-saege.at\/wp-content\/uploads\/2015\/09\/Scan3-300x189.jpg 300w, https:\/\/bachl-saege.at\/wp-content\/uploads\/2015\/09\/Scan3-768x483.jpg 768w, https:\/\/bachl-saege.at\/wp-content\/uploads\/2015\/09\/Scan3-1024x644.jpg 1024w, https:\/\/bachl-saege.at\/wp-content\/uploads\/2015\/09\/Scan3-400x251.jpg 400w, https:\/\/bachl-saege.at\/wp-content\/uploads\/2015\/09\/Scan3.jpg 1508w\" sizes=\"auto, (max-width: 300px) 100vw, 300px\" \/><\/a><\/p>\n<p style=\"text-align: center;\"><a href=\"http:\/\/bachl-saege.at\/wp-content\/uploads\/2015\/09\/Scan5.jpg\"><img loading=\"lazy\" decoding=\"async\" class=\"alignnone size-medium wp-image-249\" src=\"http:\/\/bachl-saege.at\/wp-content\/uploads\/2015\/09\/Scan5-300x192.jpg\" alt=\"\" width=\"300\" height=\"192\" srcset=\"https:\/\/bachl-saege.at\/wp-content\/uploads\/2015\/09\/Scan5-300x192.jpg 300w, https:\/\/bachl-saege.at\/wp-content\/uploads\/2015\/09\/Scan5-768x492.jpg 768w, https:\/\/bachl-saege.at\/wp-content\/uploads\/2015\/09\/Scan5-1024x655.jpg 1024w, https:\/\/bachl-saege.at\/wp-content\/uploads\/2015\/09\/Scan5-400x256.jpg 400w, https:\/\/bachl-saege.at\/wp-content\/uploads\/2015\/09\/Scan5.jpg 1489w\" sizes=\"auto, (max-width: 300px) 100vw, 300px\" \/><\/a><\/p>\n<p style=\"text-align: center;\">Original Holzofen:<\/p>\n<p style=\"text-align: center;\"><a href=\"http:\/\/bachl-saege.at\/wp-content\/uploads\/2015\/09\/P1030079.jpg\"><img loading=\"lazy\" decoding=\"async\" class=\"size-medium wp-image-89 aligncenter\" src=\"http:\/\/bachl-saege.at\/wp-content\/uploads\/2015\/09\/P1030079-300x225.jpg\" alt=\"P1030079\" width=\"300\" height=\"225\" srcset=\"https:\/\/bachl-saege.at\/wp-content\/uploads\/2015\/09\/P1030079-300x225.jpg 300w, https:\/\/bachl-saege.at\/wp-content\/uploads\/2015\/09\/P1030079-1024x768.jpg 1024w, https:\/\/bachl-saege.at\/wp-content\/uploads\/2015\/09\/P1030079-400x300.jpg 400w, https:\/\/bachl-saege.at\/wp-content\/uploads\/2015\/09\/P1030079.jpg 2048w\" sizes=\"auto, (max-width: 300px) 100vw, 300px\" \/><\/a><a href=\"http:\/\/bachl-saege.at\/wp-content\/uploads\/2015\/09\/Brot1.jpeg\"><img loading=\"lazy\" decoding=\"async\" class=\"size-full wp-image-188 aligncenter\" src=\"http:\/\/bachl-saege.at\/wp-content\/uploads\/2015\/09\/Brot1.jpeg\" alt=\"\" width=\"294\" height=\"221\"><\/a><\/p>\n<p style=\"text-align: center;\"><a href=\"http:\/\/bachl-saege.at\/wp-content\/uploads\/2015\/09\/Scan2.jpg\"><img loading=\"lazy\" decoding=\"async\" class=\"alignnone wp-image-247\" src=\"http:\/\/bachl-saege.at\/wp-content\/uploads\/2015\/09\/Scan2-203x300.jpg\" alt=\"\" width=\"226\" height=\"334\" srcset=\"https:\/\/bachl-saege.at\/wp-content\/uploads\/2015\/09\/Scan2-203x300.jpg 203w, https:\/\/bachl-saege.at\/wp-content\/uploads\/2015\/09\/Scan2-768x1136.jpg 768w, https:\/\/bachl-saege.at\/wp-content\/uploads\/2015\/09\/Scan2-692x1024.jpg 692w, https:\/\/bachl-saege.at\/wp-content\/uploads\/2015\/09\/Scan2-400x592.jpg 400w, https:\/\/bachl-saege.at\/wp-content\/uploads\/2015\/09\/Scan2.jpg 995w\" sizes=\"auto, (max-width: 226px) 100vw, 226px\" \/><\/a><\/p>\n<p style=\"text-align: center;\">&#8222;Einschie\u00dfen&#8220; der Teiglinge:<\/p>\n<p style=\"text-align: center;\"><a href=\"http:\/\/bachl-saege.at\/wp-content\/uploads\/2015\/09\/Brot2.jpeg\"><img loading=\"lazy\" decoding=\"async\" class=\"size-full wp-image-189 aligncenter\" src=\"http:\/\/bachl-saege.at\/wp-content\/uploads\/2015\/09\/Brot2.jpeg\" alt=\"\" width=\"235\" height=\"176\"><\/a><\/p>\n<p style=\"text-align: center;\"><a href=\"http:\/\/bachl-saege.at\/wp-content\/uploads\/2015\/09\/Scan7.jpg\"><img loading=\"lazy\" decoding=\"async\" class=\"alignnone size-medium wp-image-251\" src=\"http:\/\/bachl-saege.at\/wp-content\/uploads\/2015\/09\/Scan7-300x200.jpg\" alt=\"\" width=\"300\" height=\"200\" srcset=\"https:\/\/bachl-saege.at\/wp-content\/uploads\/2015\/09\/Scan7-300x200.jpg 300w, https:\/\/bachl-saege.at\/wp-content\/uploads\/2015\/09\/Scan7-768x512.jpg 768w, https:\/\/bachl-saege.at\/wp-content\/uploads\/2015\/09\/Scan7-1024x683.jpg 1024w, https:\/\/bachl-saege.at\/wp-content\/uploads\/2015\/09\/Scan7-400x267.jpg 400w, https:\/\/bachl-saege.at\/wp-content\/uploads\/2015\/09\/Scan7.jpg 1498w\" sizes=\"auto, (max-width: 300px) 100vw, 300px\" \/><\/a><\/p>\n<p style=\"text-align: center;\">Zutat Zeit:<\/p>\n<p style=\"text-align: center;\"><a href=\"http:\/\/bachl-saege.at\/wp-content\/uploads\/2015\/09\/Scan8.jpg\"><img loading=\"lazy\" decoding=\"async\" class=\"alignnone size-medium wp-image-252\" src=\"http:\/\/bachl-saege.at\/wp-content\/uploads\/2015\/09\/Scan8-300x196.jpg\" alt=\"\" width=\"300\" height=\"196\" srcset=\"https:\/\/bachl-saege.at\/wp-content\/uploads\/2015\/09\/Scan8-300x196.jpg 300w, https:\/\/bachl-saege.at\/wp-content\/uploads\/2015\/09\/Scan8-768x502.jpg 768w, https:\/\/bachl-saege.at\/wp-content\/uploads\/2015\/09\/Scan8-1024x669.jpg 1024w, https:\/\/bachl-saege.at\/wp-content\/uploads\/2015\/09\/Scan8-400x261.jpg 400w, https:\/\/bachl-saege.at\/wp-content\/uploads\/2015\/09\/Scan8.jpg 1507w\" sizes=\"auto, (max-width: 300px) 100vw, 300px\" \/><\/a><\/p>\n<p style=\"text-align: center;\">Holzofenbrot nach traditioneller Handwerkskunst:<\/p>\n<p><a href=\"http:\/\/bachl-saege.at\/wp-content\/uploads\/2015\/09\/Scan11.jpg\"><img loading=\"lazy\" decoding=\"async\" class=\"size-medium wp-image-250 aligncenter\" src=\"http:\/\/bachl-saege.at\/wp-content\/uploads\/2015\/09\/Scan11-300x192.jpg\" alt=\"\" width=\"300\" height=\"192\" srcset=\"https:\/\/bachl-saege.at\/wp-content\/uploads\/2015\/09\/Scan11-300x192.jpg 300w, https:\/\/bachl-saege.at\/wp-content\/uploads\/2015\/09\/Scan11-768x491.jpg 768w, https:\/\/bachl-saege.at\/wp-content\/uploads\/2015\/09\/Scan11-1024x655.jpg 1024w, https:\/\/bachl-saege.at\/wp-content\/uploads\/2015\/09\/Scan11-400x256.jpg 400w, https:\/\/bachl-saege.at\/wp-content\/uploads\/2015\/09\/Scan11.jpg 1497w\" sizes=\"auto, (max-width: 300px) 100vw, 300px\" \/><\/a><\/p>\n","protected":false},"excerpt":{"rendered":"<p>Holzofenbrot nach traditioneller Handwerkskunst Bereits seit 1936 wird in unserem Familienbetrieb Schwarzbrot (Roggenmischbrot) gebacken. Das Mehl daf\u00fcr wird in der familieneigenen M\u00fchle aus heimischem Getreide gemahlen. Der Teig wird noch [&hellip;]<\/p>\n","protected":false},"author":1,"featured_media":0,"parent":0,"menu_order":0,"comment_status":"closed","ping_status":"closed","template":"page-templates\/full-width.php","meta":{"footnotes":""},"class_list":["post-34","page","type-page","status-publish","hentry"],"_links":{"self":[{"href":"https:\/\/bachl-saege.at\/index.php\/wp-json\/wp\/v2\/pages\/34","targetHints":{"allow":["GET"]}}],"collection":[{"href":"https:\/\/bachl-saege.at\/index.php\/wp-json\/wp\/v2\/pages"}],"about":[{"href":"https:\/\/bachl-saege.at\/index.php\/wp-json\/wp\/v2\/types\/page"}],"author":[{"embeddable":true,"href":"https:\/\/bachl-saege.at\/index.php\/wp-json\/wp\/v2\/users\/1"}],"replies":[{"embeddable":true,"href":"https:\/\/bachl-saege.at\/index.php\/wp-json\/wp\/v2\/comments?post=34"}],"version-history":[{"count":24,"href":"https:\/\/bachl-saege.at\/index.php\/wp-json\/wp\/v2\/pages\/34\/revisions"}],"predecessor-version":[{"id":467,"href":"https:\/\/bachl-saege.at\/index.php\/wp-json\/wp\/v2\/pages\/34\/revisions\/467"}],"wp:attachment":[{"href":"https:\/\/bachl-saege.at\/index.php\/wp-json\/wp\/v2\/media?parent=34"}],"curies":[{"name":"wp","href":"https:\/\/api.w.org\/{rel}","templated":true}]}}