{"id":30,"date":"2015-09-27T02:01:09","date_gmt":"2015-09-27T00:01:09","guid":{"rendered":"http:\/\/bachl-saege.at\/?page_id=30"},"modified":"2022-08-24T15:24:17","modified_gmt":"2022-08-24T13:24:17","slug":"anfertigung-nach-mass","status":"publish","type":"page","link":"https:\/\/bachl-saege.at\/index.php\/saegewerk\/anfertigung-nach-mass\/","title":{"rendered":"Anfertigung nach Ma\u00df"},"content":{"rendered":"<h1 id=\"Anfertigungoben\"><\/h1>\n<h2><strong>Anfertigungen nach Ma\u00df wie Terrassen, Hochbeete, Gartenz\u00e4une uvm.<\/strong><\/h2>\n<p>F\u00fcr jegliche Anfragen stehen wir Ihnen jederzeit gerne zur Verf\u00fcgung unter 07258 4059 oder per Mail: <a href=\"mailto:office@bachl-saege.at\">office@bachl-saege.at<\/a>.<\/p>\n<p>&nbsp;<\/p>\n","protected":false},"excerpt":{"rendered":"<p>Anfertigungen nach Ma\u00df wie Terrassen, Hochbeete, Gartenz\u00e4une uvm. F\u00fcr jegliche Anfragen stehen wir Ihnen jederzeit gerne zur Verf\u00fcgung unter 07258 4059 oder per Mail: office@bachl-saege.at. &nbsp;<\/p>\n","protected":false},"author":1,"featured_media":0,"parent":24,"menu_order":2,"comment_status":"closed","ping_status":"closed","template":"page-templates\/full-width.php","meta":{"footnotes":""},"class_list":["post-30","page","type-page","status-publish","hentry"],"_links":{"self":[{"href":"https:\/\/bachl-saege.at\/index.php\/wp-json\/wp\/v2\/pages\/30","targetHints":{"allow":["GET"]}}],"collection":[{"href":"https:\/\/bachl-saege.at\/index.php\/wp-json\/wp\/v2\/pages"}],"about":[{"href":"https:\/\/bachl-saege.at\/index.php\/wp-json\/wp\/v2\/types\/page"}],"author":[{"embeddable":true,"href":"https:\/\/bachl-saege.at\/index.php\/wp-json\/wp\/v2\/users\/1"}],"replies":[{"embeddable":true,"href":"https:\/\/bachl-saege.at\/index.php\/wp-json\/wp\/v2\/comments?post=30"}],"version-history":[{"count":5,"href":"https:\/\/bachl-saege.at\/index.php\/wp-json\/wp\/v2\/pages\/30\/revisions"}],"predecessor-version":[{"id":317,"href":"https:\/\/bachl-saege.at\/index.php\/wp-json\/wp\/v2\/pages\/30\/revisions\/317"}],"up":[{"embeddable":true,"href":"https:\/\/bachl-saege.at\/index.php\/wp-json\/wp\/v2\/pages\/24"}],"wp:attachment":[{"href":"https:\/\/bachl-saege.at\/index.php\/wp-json\/wp\/v2\/media?parent=30"}],"curies":[{"name":"wp","href":"https:\/\/api.w.org\/{rel}","templated":true}]}}

Anfertigung nach Maß

<h1 id="Anfertigungoben"></h1>
<h2><strong>Anfertigungen nach Maß wie Terrassen, Hochbeete, Gartenzäune uvm.</strong></h2>
<p>Für jegliche Anfragen stehen wir Ihnen jederzeit gerne zur Verfügung unter 07258 4059 oder per Mail: <a href="mailto:office@bachl-saege.at">office@bachl-saege.at</a>.</p>
<p>&nbsp;</p>

<p>Anfertigungen nach Maß wie Terrassen, Hochbeete, Gartenzäune uvm. Für jegliche Anfragen stehen wir Ihnen jederzeit gerne zur Verfügung unter 07258 4059 oder per Mail: office@bachl-saege.at. &nbsp;</p>
