{"id":22,"date":"2015-09-27T01:58:32","date_gmt":"2015-09-26T23:58:32","guid":{"rendered":"http:\/\/bachl-saege.at\/?page_id=22"},"modified":"2022-08-24T15:23:14","modified_gmt":"2022-08-24T13:23:14","slug":"kontakt","status":"publish","type":"page","link":"https:\/\/bachl-saege.at\/index.php\/kontakt\/","title":{"rendered":"Kontakt"},"content":{"rendered":"<h1 id=\"Kontaktoben\"><\/h1>\n<p style=\"text-align: center;\">Stefan Bachl<\/p>\n<p style=\"text-align: center;\">P\u00f6glm\u00fchlestra\u00dfe 4<br \/>\n4541 Adlwang<br \/>\nMobil: <strong><a href=\"tel:+4368110379536\">+43 (0)681 103 795 36<\/a><\/strong><br \/>\nTelefon: <strong><a href=\"tel:+4372584059\">07258 4059<\/a><\/strong><br \/>\nFax: <a href=\"tel:+43725840594\">07258 4059-4<\/a><br \/>\n<a href=\"mailto:office@bachl-saege.at\">office@bachl-saege.at<\/a><\/p>\n","protected":false},"excerpt":{"rendered":"<p>Stefan Bachl P\u00f6glm\u00fchlestra\u00dfe 4 4541 Adlwang Mobil: +43 (0)681 103 795 36 Telefon: 07258 4059 Fax: 07258 4059-4 office@bachl-saege.at<\/p>\n","protected":false},"author":1,"featured_media":0,"parent":0,"menu_order":0,"comment_status":"closed","ping_status":"closed","template":"page-templates\/full-contact.php","meta":{"footnotes":""},"class_list":["post-22","page","type-page","status-publish","hentry"],"_links":{"self":[{"href":"https:\/\/bachl-saege.at\/index.php\/wp-json\/wp\/v2\/pages\/22","targetHints":{"allow":["GET"]}}],"collection":[{"href":"https:\/\/bachl-saege.at\/index.php\/wp-json\/wp\/v2\/pages"}],"about":[{"href":"https:\/\/bachl-saege.at\/index.php\/wp-json\/wp\/v2\/types\/page"}],"author":[{"embeddable":true,"href":"https:\/\/bachl-saege.at\/index.php\/wp-json\/wp\/v2\/users\/1"}],"replies":[{"embeddable":true,"href":"https:\/\/bachl-saege.at\/index.php\/wp-json\/wp\/v2\/comments?post=22"}],"version-history":[{"count":8,"href":"https:\/\/bachl-saege.at\/index.php\/wp-json\/wp\/v2\/pages\/22\/revisions"}],"predecessor-version":[{"id":454,"href":"https:\/\/bachl-saege.at\/index.php\/wp-json\/wp\/v2\/pages\/22\/revisions\/454"}],"wp:attachment":[{"href":"https:\/\/bachl-saege.at\/index.php\/wp-json\/wp\/v2\/media?parent=22"}],"curies":[{"name":"wp","href":"https:\/\/api.w.org\/{rel}","templated":true}]}}

<h1 id="Kontaktoben"></h1>
<p style="text-align: center;">Stefan Bachl</p>
<p style="text-align: center;">Pöglmühlestraße 4<br />
4541 Adlwang<br />
Mobil: <strong><a href="tel:+4368110379536">+43 (0)681 103 795 36</a></strong><br />
Telefon: <strong><a href="tel:+4372584059">07258 4059</a></strong><br />
Fax: <a href="tel:+43725840594">07258 4059-4</a><br />
<a href="mailto:office@bachl-saege.at">office@bachl-saege.at</a></p>

<p>Stefan Bachl Pöglmühlestraße 4 4541 Adlwang Mobil: +43 (0)681 103 795 36 Telefon: 07258 4059 Fax: 07258 4059-4 office@bachl-saege.at</p>
